{"id":13569,"date":"2015-05-20T19:59:19","date_gmt":"2015-05-20T19:59:19","guid":{"rendered":"http:\/\/www.maisondesenfantsstroch.org\/?page_id=13569"},"modified":"2024-02-12T20:00:50","modified_gmt":"2024-02-13T01:00:50","slug":"home-7","status":"publish","type":"page","link":"http:\/\/www.maisondesenfantsstroch.org\/","title":{"rendered":"Accueil"},"content":{"rendered":"<h4>Bienvenue \u00e0 la Maison des Enfants de St-Roch!<\/h4>\n<p><span class=\"S1PPyQ\">La Maison des Enfants de St-Roch a pour mission d&rsquo;accompagner les enfants de 6 \u00e0 12 ans dans leur cheminement scolaire, personnel et social. En offrant des activit\u00e9s \u00e9ducatives et parascolaires ainsi qu&rsquo;un milieu s\u00e9curitaire et d&rsquo;appartenance, nous aidons les enfants \u00e0 d\u00e9velopper leur plein potentiel.<\/span><\/p>\n<div class=\"wp-block-file\">\u00a0<\/div>\n\n\n<p><\/p>\n\n\n\n<figure class=\"wp-block-image size-large is-resized is-style-default\"><img loading=\"lazy\" src=\"http:\/\/www.maisondesenfantsstroch.org\/wp-content\/uploads\/2020\/09\/IMG_3896-1024x768.jpg\" alt=\"\" class=\"wp-image-14135\" width=\"478\" height=\"359\" srcset=\"http:\/\/www.maisondesenfantsstroch.org\/wp-content\/uploads\/2020\/09\/IMG_3896-1024x768.jpg 1024w, http:\/\/www.maisondesenfantsstroch.org\/wp-content\/uploads\/2020\/09\/IMG_3896-300x225.jpg 300w, http:\/\/www.maisondesenfantsstroch.org\/wp-content\/uploads\/2020\/09\/IMG_3896-768x576.jpg 768w, http:\/\/www.maisondesenfantsstroch.org\/wp-content\/uploads\/2020\/09\/IMG_3896-1536x1152.jpg 1536w, http:\/\/www.maisondesenfantsstroch.org\/wp-content\/uploads\/2020\/09\/IMG_3896-2048x1536.jpg 2048w\" sizes=\"(max-width: 478px) 100vw, 478px\" \/><\/figure>\n\n\n\n<p><\/p>\n","protected":false},"excerpt":{"rendered":"<p>Bienvenue \u00e0 la Maison des Enfants de St-Roch! La Maison des Enfants de St-Roch a pour mission d&rsquo;accompagner les enfants de 6 \u00e0 12 ans dans leur cheminement scolaire, personnel et social. En offrant des activit\u00e9s \u00e9ducatives et parascolaires ainsi &hellip; <\/p>\n","protected":false},"author":2,"featured_media":0,"parent":0,"menu_order":1,"comment_status":"closed","ping_status":"closed","template":"","meta":[],"_links":{"self":[{"href":"http:\/\/www.maisondesenfantsstroch.org\/index.php?rest_route=\/wp\/v2\/pages\/13569"}],"collection":[{"href":"http:\/\/www.maisondesenfantsstroch.org\/index.php?rest_route=\/wp\/v2\/pages"}],"about":[{"href":"http:\/\/www.maisondesenfantsstroch.org\/index.php?rest_route=\/wp\/v2\/types\/page"}],"author":[{"embeddable":true,"href":"http:\/\/www.maisondesenfantsstroch.org\/index.php?rest_route=\/wp\/v2\/users\/2"}],"replies":[{"embeddable":true,"href":"http:\/\/www.maisondesenfantsstroch.org\/index.php?rest_route=%2Fwp%2Fv2%2Fcomments&post=13569"}],"version-history":[{"count":62,"href":"http:\/\/www.maisondesenfantsstroch.org\/index.php?rest_route=\/wp\/v2\/pages\/13569\/revisions"}],"predecessor-version":[{"id":14500,"href":"http:\/\/www.maisondesenfantsstroch.org\/index.php?rest_route=\/wp\/v2\/pages\/13569\/revisions\/14500"}],"wp:attachment":[{"href":"http:\/\/www.maisondesenfantsstroch.org\/index.php?rest_route=%2Fwp%2Fv2%2Fmedia&parent=13569"}],"curies":[{"name":"wp","href":"https:\/\/api.w.org\/{rel}","templated":true}]}}

<h4>Bienvenue à la Maison des Enfants de St-Roch!</h4>
<p><span class="S1PPyQ">La Maison des Enfants de St-Roch a pour mission d&rsquo;accompagner les enfants de 6 à 12 ans dans leur cheminement scolaire, personnel et social. En offrant des activités éducatives et parascolaires ainsi qu&rsquo;un milieu sécuritaire et d&rsquo;appartenance, nous aidons les enfants à développer leur plein potentiel.</span></p>
<div class="wp-block-file"> </div>


<p></p>



<figure class="wp-block-image size-large is-resized is-style-default"><img loading="lazy" src="http://www.maisondesenfantsstroch.org/wp-content/uploads/2020/09/IMG_3896-1024x768.jpg" alt="" class="wp-image-14135" width="478" height="359" srcset="http://www.maisondesenfantsstroch.org/wp-content/uploads/2020/09/IMG_3896-1024x768.jpg 1024w, http://www.maisondesenfantsstroch.org/wp-content/uploads/2020/09/IMG_3896-300x225.jpg 300w, http://www.maisondesenfantsstroch.org/wp-content/uploads/2020/09/IMG_3896-768x576.jpg 768w, http://www.maisondesenfantsstroch.org/wp-content/uploads/2020/09/IMG_3896-1536x1152.jpg 1536w, http://www.maisondesenfantsstroch.org/wp-content/uploads/2020/09/IMG_3896-2048x1536.jpg 2048w" sizes="(max-width: 478px) 100vw, 478px" /></figure>



<p></p>

<p>Bienvenue à la Maison des Enfants de St-Roch! La Maison des Enfants de St-Roch a pour mission d&rsquo;accompagner les enfants de 6 à 12 ans dans leur cheminement scolaire, personnel et social. En offrant des activités éducatives et parascolaires ainsi &hellip; </p>
